{"id":38,"date":"2026-04-09T14:50:24","date_gmt":"2026-04-09T12:50:24","guid":{"rendered":"https:\/\/127.0.0.1\/wordpress\/?page_id=38"},"modified":"2026-04-14T11:31:26","modified_gmt":"2026-04-14T09:31:26","slug":"aktualnosci","status":"publish","type":"page","link":"https:\/\/dps.gniezno.pl\/?page_id=38","title":{"rendered":"Aktualno\u015bci"},"content":{"rendered":"\n<hr class=\"wp-block-separator has-alpha-channel-opacity is-style-wide\"\/>\n\n\n\n<p class=\"has-medium-font-size\"><strong>Informacja o wynikach naboru:<\/strong><\/p>\n\n\n\n<p>&#8211; <a href=\"https:\/\/bip.powiat-gniezno.pl\/e,pobierz,get.html?id=107514&amp;file=Scan1.pdf\" target=\"_blank\" rel=\"noreferrer noopener\">Referent ds. administracyjno-finansowych.pdf<\/a><\/p>\n\n\n\n<p>&#8211; <a href=\"https:\/\/bip.powiat-gniezno.pl\/e,pobierz,get.html?id=107513&amp;file=Scan.pdf\" target=\"_blank\" rel=\"noreferrer noopener\">Podinspektor ds. kadr i p\u0142ac.pdf<\/a><\/p>\n\n\n\n<hr class=\"wp-block-separator has-alpha-channel-opacity is-style-wide\"\/>\n\n\n\n<h5 class=\"wp-block-heading\"><strong>Nab\u00f3r na wolne stanowisko urz\u0119dnicze \u2013 Referent ds. administracyjno-finansowych<\/strong><\/h5>\n\n\n\n<h6 class=\"wp-block-heading has-medium-font-size\">Dyrektor Domu Pomocy Spo\u0142ecznej og\u0142asza nab\u00f3r na wolne stanowisko urz\u0119dnicze <\/h6>\n\n\n\n<h6 class=\"wp-block-heading has-medium-font-size\"><strong><br>Za\u0142\u0105czniki:<\/strong><\/h6>\n\n\n\n<p>\u2013 <a href=\"https:\/\/bip.powiat-gniezno.pl\/e,pobierz,get.html?id=107417&amp;file=Referent+ds.+administracyjno-finansowych.pdf\" target=\"_blank\" rel=\"noreferrer noopener\">og\u0142oszenie.pdf<\/a><\/p>\n\n\n\n<p>\u2013 <a href=\"https:\/\/bip.powiat-gniezno.pl\/e,pobierz,get.html?id=107416&amp;file=zarz%25u0105dzenie+nr+5.pdf\" target=\"_blank\" rel=\"noreferrer noopener\">Zarz\u0105dzenie Nr 5.pdf<\/a><\/p>\n\n\n\n<p>\u2013 <a href=\"https:\/\/bip.powiat-gniezno.pl\/e,pobierz,get.html?id=107406&amp;file=kwestionariusz+osobowy.pdf\" target=\"_blank\" rel=\"noreferrer noopener\">kwestionariusz osobowy.pdf<\/a><\/p>\n\n\n\n<p>\u2013 <a href=\"https:\/\/bip.powiat-gniezno.pl\/e,pobierz,get.html?id=107405&amp;file=o%25u015Bwiadczenie.pdf\" target=\"_blank\" rel=\"noreferrer noopener\">o\u015bwiadczenie.pdf<\/a><\/p>\n\n\n\n<p>\u2013 <a href=\"https:\/\/bip.powiat-gniezno.pl\/e,pobierz,get.html?id=107403&amp;file=o%25u015Bwiadczenie+o+niekaralno%25u015Bci.pdf\" target=\"_blank\" rel=\"noreferrer noopener\">o\u015bwiadczenie o niekaralno\u015bci.pdf<\/a><\/p>\n\n\n\n<p>\u2013<a href=\"https:\/\/bip.powiat-gniezno.pl\/e,pobierz,get.html?id=107404&amp;file=o%25u015Bwiadczenie+o+przetwarzaniu+danych+osobowych.pdf\" target=\"_blank\" rel=\"noreferrer noopener\"> o\u015bwiadczenie o przetwarzaniu danych osobowych.pdf<\/a><\/p>\n\n\n\n<hr class=\"wp-block-separator has-alpha-channel-opacity is-style-wide\"\/>\n\n\n\n<h5 class=\"wp-block-heading\"><strong>Nab\u00f3r na wolne stanowisko urz\u0119dnicze \u2013 <\/strong>Podinspektor ds. kadr i p\u0142ac<\/h5>\n\n\n\n<h6 class=\"wp-block-heading has-medium-font-size\">Dyrektor Domu Pomocy Spo\u0142ecznej og\u0142asza nab\u00f3r na wolne stanowisko urz\u0119dnicze&nbsp;<br><br><strong>Za\u0142\u0105czniki:<\/strong><\/h6>\n\n\n\n<p>\u2013 <a href=\"https:\/\/bip.powiat-gniezno.pl\/e,pobierz,get.html?id=107401&amp;file=Podinspektor+ds.+kadr+i+p%25u0142ac.pdf\" target=\"_blank\" rel=\"noreferrer noopener\">og\u0142oszenie.pdf<\/a><\/p>\n\n\n\n<p>\u2013 <a href=\"https:\/\/bip.powiat-gniezno.pl\/e,pobierz,get.html?id=107407&amp;file=zarz%25u0105dzenie+nr+4.pdf\" target=\"_blank\" rel=\"noreferrer noopener\">Zarz\u0105dzenie Nr 4.pdf<\/a><\/p>\n\n\n\n<p>\u2013 <a href=\"https:\/\/bip.powiat-gniezno.pl\/e,pobierz,get.html?id=107406&amp;file=kwestionariusz+osobowy.pdf\" target=\"_blank\" rel=\"noreferrer noopener\">kwestionariusz osobowy.pdf<\/a><\/p>\n\n\n\n<p>\u2013 <a href=\"https:\/\/bip.powiat-gniezno.pl\/e,pobierz,get.html?id=107405&amp;file=o%25u015Bwiadczenie.pdf\" target=\"_blank\" rel=\"noreferrer noopener\">o\u015bwiadczenie.pdf<\/a><\/p>\n\n\n\n<p>\u2013 <a href=\"https:\/\/bip.powiat-gniezno.pl\/e,pobierz,get.html?id=107403&amp;file=o%25u015Bwiadczenie+o+niekaralno%25u015Bci.pdf\" target=\"_blank\" rel=\"noreferrer noopener\">o\u015bwiadczenie o niekaralno\u015bci<\/a><\/p>\n\n\n\n<p>\u2013<a href=\"https:\/\/bip.powiat-gniezno.pl\/e,pobierz,get.html?id=107404&amp;file=o%25u015Bwiadczenie+o+przetwarzaniu+danych+osobowych.pdf\" target=\"_blank\" rel=\"noreferrer noopener\"> o\u015bwiadczenie o przetwarzaniu danych osobowych<\/a><\/p>\n\n\n\n<hr class=\"wp-block-separator has-alpha-channel-opacity is-style-wide\"\/>\n\n\n\n<figure class=\"wp-block-image is-resized\"><img decoding=\"async\" src=\"https:\/\/dps.gniezno.pl\/wp-content\/uploads\/2024\/09\/cyberbezpieczny-samorzad-1-724x1024.jpg\" alt=\"Cyberbezpieczny Samorz\u0105d\" class=\"wp-image-556\" style=\"width:250px\"\/><\/figure>\n\n\n\n<p class=\"has-text-align-left\"><strong>Cyberbezpieczne Starostwo Powiatowe w Gnie\u017anie i jednostki podleg\u0142e<\/strong><br>Powiat Gnie\u017anie\u0144ski realizuje projekt, kt\u00f3ry ma na celu zwi\u0119kszenie bezpiecze\u0144stwa informacji w urz\u0119dach i instytucjach podleg\u0142ych. Dzi\u0119ki temu projektowi zostan\u0105 wprowadzone rozwi\u0105zania technologiczne, kt\u00f3re zapewni\u0105 lepsz\u0105 ochron\u0119 danych oraz sprawniejsze funkcjonowanie system\u00f3w komputerowych.<br>W ramach projektu przewidziano szkolenia dla pracownik\u00f3w urz\u0119d\u00f3w i jednostek podleg\u0142ych na temat bezpiecze\u0144stwa w Internecie,<br>a tak\u017ce zakup nowoczesnego sprz\u0119tu i oprogramowania, kt\u00f3re pomog\u0105 zabezpieczy\u0107 dane oraz systemy informatyczne przed zagro\u017ceniami.<br>Projekt jest finansowany ze \u015brodk\u00f3w europejskich, a jego ca\u0142kowita warto\u015b\u0107 to 913 878,45 z\u0142, z czego Powiat Gnie\u017anie\u0144ski otrzyma\u0142 dofinansowanie w wysoko\u015bci 849 907,42 z\u0142. Program ten realizowany jest w ramach konkursu \u201eCyberbezpieczny Samorz\u0105d\u201d, organizowanego przez Centrum Projekt\u00f3w Polska Cyfrowa oraz NASK w ramach Funduszy Europejskich na Rozw\u00f3j Cyfrowy 2021-2027 (FERC)<\/p>\n\n\n\n<figure class=\"wp-block-image\"><a href=\"https:\/\/dps.gniezno.pl\/wp-content\/uploads\/2024\/09\/cyberbezpieczny-samorzad-2.pdf\" target=\"_blank\" rel=\"noreferrer noopener\"><img decoding=\"async\" src=\"https:\/\/dps.gniezno.pl\/wp-content\/uploads\/2024\/09\/cyberbezpieczny-samorzad-2-1024x469.jpg\" alt=\"\" class=\"wp-image-557\"\/><\/a><\/figure>\n","protected":false},"excerpt":{"rendered":"<p>Informacja o wynikach naboru: &#8211; Referent ds. administracyjno-finansowych.pdf &#8211; Podinspektor ds. kadr i p\u0142ac.pdf Nab\u00f3r na wolne stanowisko urz\u0119dnicze \u2013 [&hellip;]<\/p>\n","protected":false},"author":1,"featured_media":0,"parent":0,"menu_order":0,"comment_status":"closed","ping_status":"closed","template":"","meta":{"site-sidebar-layout":"default","site-content-layout":"","ast-site-content-layout":"default","site-content-style":"default","site-sidebar-style":"default","ast-global-header-display":"","ast-banner-title-visibility":"","ast-main-header-display":"","ast-hfb-above-header-display":"","ast-hfb-below-header-display":"","ast-hfb-mobile-header-display":"","site-post-title":"","ast-breadcrumbs-content":"","ast-featured-img":"","footer-sml-layout":"","ast-disable-related-posts":"","theme-transparent-header-meta":"","adv-header-id-meta":"","stick-header-meta":"","header-above-stick-meta":"","header-main-stick-meta":"","header-below-stick-meta":"","astra-migrate-meta-layouts":"default","ast-page-background-enabled":"default","ast-page-background-meta":{"desktop":{"background-color":"var(--ast-global-color-5)","background-image":"","background-repeat":"repeat","background-position":"center center","background-size":"auto","background-attachment":"scroll","background-type":"","background-media":"","overlay-type":"","overlay-color":"","overlay-opacity":"","overlay-gradient":""},"tablet":{"background-color":"","background-image":"","background-repeat":"repeat","background-position":"center center","background-size":"auto","background-attachment":"scroll","background-type":"","background-media":"","overlay-type":"","overlay-color":"","overlay-opacity":"","overlay-gradient":""},"mobile":{"background-color":"","background-image":"","background-repeat":"repeat","background-position":"center center","background-size":"auto","background-attachment":"scroll","background-type":"","background-media":"","overlay-type":"","overlay-color":"","overlay-opacity":"","overlay-gradient":""}},"ast-content-background-meta":{"desktop":{"background-color":"var(--ast-global-color-4)","background-image":"","background-repeat":"repeat","background-position":"center center","background-size":"auto","background-attachment":"scroll","background-type":"","background-media":"","overlay-type":"","overlay-color":"","overlay-opacity":"","overlay-gradient":""},"tablet":{"background-color":"var(--ast-global-color-4)","background-image":"","background-repeat":"repeat","background-position":"center center","background-size":"auto","background-attachment":"scroll","background-type":"","background-media":"","overlay-type":"","overlay-color":"","overlay-opacity":"","overlay-gradient":""},"mobile":{"background-color":"var(--ast-global-color-4)","background-image":"","background-repeat":"repeat","background-position":"center center","background-size":"auto","background-attachment":"scroll","background-type":"","background-media":"","overlay-type":"","overlay-color":"","overlay-opacity":"","overlay-gradient":""}},"footnotes":""},"class_list":["post-38","page","type-page","status-publish","hentry"],"_links":{"self":[{"href":"https:\/\/dps.gniezno.pl\/index.php?rest_route=\/wp\/v2\/pages\/38","targetHints":{"allow":["GET"]}}],"collection":[{"href":"https:\/\/dps.gniezno.pl\/index.php?rest_route=\/wp\/v2\/pages"}],"about":[{"href":"https:\/\/dps.gniezno.pl\/index.php?rest_route=\/wp\/v2\/types\/page"}],"author":[{"embeddable":true,"href":"https:\/\/dps.gniezno.pl\/index.php?rest_route=\/wp\/v2\/users\/1"}],"replies":[{"embeddable":true,"href":"https:\/\/dps.gniezno.pl\/index.php?rest_route=%2Fwp%2Fv2%2Fcomments&post=38"}],"version-history":[{"count":8,"href":"https:\/\/dps.gniezno.pl\/index.php?rest_route=\/wp\/v2\/pages\/38\/revisions"}],"predecessor-version":[{"id":209,"href":"https:\/\/dps.gniezno.pl\/index.php?rest_route=\/wp\/v2\/pages\/38\/revisions\/209"}],"wp:attachment":[{"href":"https:\/\/dps.gniezno.pl\/index.php?rest_route=%2Fwp%2Fv2%2Fmedia&parent=38"}],"curies":[{"name":"wp","href":"https:\/\/api.w.org\/{rel}","templated":true}]}}